{"id":63,"date":"2017-01-02T13:22:07","date_gmt":"2017-01-02T13:22:07","guid":{"rendered":"http:\/\/185.87.186.89\/?page_id=63"},"modified":"2017-01-02T13:26:19","modified_gmt":"2017-01-02T13:26:19","slug":"projectleiding","status":"publish","type":"page","link":"https:\/\/hindrikje.nl\/index.php\/specialist-in\/projectleiding\/","title":{"rendered":"Projectleiding"},"content":{"rendered":"<h2 id=\"Projectleiding\"><\/h2>\n<p>Hindrikje heeft ervaring met verandermanagement rondom organisatie- en innovatievraagstukken.<br \/>\nBij veranderingen gaat het bij bijna ieder project om het (her)ontwerpen van processen. Het<br \/>\nafstemmen van deze processen met elkaar, het implementeren en vervolgens het borgen, zodat er<br \/>\nook daadwekelijk mee gewerkt wordt, is een bijzonder traject.<br \/>\nHindrikje kan verbinden, koers bepalen, zorg dragen voor de uitvoering en deze bekrachtigen.<br \/>\nBij meerdere veranderingen, kan Hindrikje als programmamanager deze veranderingen goed op<br \/>\nelkaar afstemmen. Daarnaast kan ze ervoor zorgen dat de organisatie de zaken breed aanpakt om te<br \/>\nkomen tot goede ondersteuning van de medewerkers \u00e9n kwaliteitsverbetering.<br \/>\nBeter \u00e9\u00e9n grote stap nemen, dan steeds die kleine stapjes, die net niet d\u00e1t resultaat geven wat<br \/>\nmedewerkers en organisatie wensen.<\/p>\n","protected":false},"excerpt":{"rendered":"<p>Hindrikje heeft ervaring met verandermanagement rondom organisatie- en innovatievraagstukken. Bij veranderingen gaat het bij bijna ieder project om het (her)ontwerpen van processen. Het afstemmen van deze processen met elkaar, het implementeren en vervolgens het borgen, zodat er ook daadwekelijk mee gewerkt wordt, is een bijzonder traject. Hindrikje kan verbinden, koers&#8230;<\/p>\n","protected":false},"author":1,"featured_media":0,"parent":40,"menu_order":0,"comment_status":"closed","ping_status":"closed","template":"","meta":{"footnotes":""},"class_list":["post-63","page","type-page","status-publish","hentry"],"_links":{"self":[{"href":"https:\/\/hindrikje.nl\/index.php\/wp-json\/wp\/v2\/pages\/63","targetHints":{"allow":["GET"]}}],"collection":[{"href":"https:\/\/hindrikje.nl\/index.php\/wp-json\/wp\/v2\/pages"}],"about":[{"href":"https:\/\/hindrikje.nl\/index.php\/wp-json\/wp\/v2\/types\/page"}],"author":[{"embeddable":true,"href":"https:\/\/hindrikje.nl\/index.php\/wp-json\/wp\/v2\/users\/1"}],"replies":[{"embeddable":true,"href":"https:\/\/hindrikje.nl\/index.php\/wp-json\/wp\/v2\/comments?post=63"}],"version-history":[{"count":2,"href":"https:\/\/hindrikje.nl\/index.php\/wp-json\/wp\/v2\/pages\/63\/revisions"}],"predecessor-version":[{"id":71,"href":"https:\/\/hindrikje.nl\/index.php\/wp-json\/wp\/v2\/pages\/63\/revisions\/71"}],"up":[{"embeddable":true,"href":"https:\/\/hindrikje.nl\/index.php\/wp-json\/wp\/v2\/pages\/40"}],"wp:attachment":[{"href":"https:\/\/hindrikje.nl\/index.php\/wp-json\/wp\/v2\/media?parent=63"}],"curies":[{"name":"wp","href":"https:\/\/api.w.org\/{rel}","templated":true}]}}